st the prime factors of 163301.
73, 2237
What are the prime factors of 156421?
156421
List the prime factors of 282077.
311, 907
List the prime factors of 69232.
2, 4327
What are the prime factors of 119012?
2, 29753
List the prime factors of 34027248.
2, 3, 47, 15083
List the prime factors of 11551841.
7, 1650263
List the prime factors of 432670.
2, 5, 7, 883
What are the prime factors of 2990613?
3, 996871
List the prime factors of 1731068.
2, 29, 14923
What are the prime factors of 3312062?
2, 13, 41, 239
What are the prime factors of 299855?
5, 59971
List the prime factors of 124346.
2, 79, 787
List the prime factors of 1475953.
1475953
What are the prime factors of 2065455?
3, 5, 7, 79, 83
What are the prime factors of 637154?
2, 7, 71, 641
List the prime factors of 77498.
2, 38749
List the prime factors of 156795.
3, 5, 10453
What are the prime factors of 221471?
221471
List the prime factors of 1716814.
2, 11, 73, 1069
List the prime factors of 8220661.
79, 104059
List the prime factors of 349231.
17, 20543
List the prime factors of 14912324.
2, 7, 67, 7949
List the prime factors of 11750761.
11, 1068251
List the prime factors of 3463794.
2, 3, 199, 967
What are the prime factors of 3513756?
2, 3, 23, 29, 439
List the prime factors of 354152.
2, 44269
What are the prime factors of 11764352?
2, 91909
List the prime factors of 3551630.
2, 5, 29, 37, 331
List the prime factors of 93580.
2, 5, 4679
What are the prime factors of 19761361?
17, 503, 2311
List the prime factors of 3731646.
2, 3, 621941
List the prime factors of 157504.
2, 23, 107
What are the prime factors of 4256468?
2, 1064117
What are the prime factors of 63143?
233, 271
What are the prime factors of 533537?
59, 9043
List the prime factors of 3404469.
3, 431, 2633
What are the prime factors of 34352?
2, 19, 113
List the prime factors of 457459.
457459
List the prime factors of 3974877.
3, 43, 10271
List the prime factors of 2594991.
3, 7, 127, 139
What are the prime factors of 51445?
5, 10289
What are the prime factors of 1609840?
2, 5, 20123
What are the prime factors of 216631?
17, 12743
List the prime factors of 7931886.
2, 3, 1321981
List the prime factors of 12909870.
2, 3, 5, 143443
List the prime factors of 330459.
3, 59, 1867
What are the prime factors of 299698?
2, 7, 21407
What are the prime factors of 20618701?
673, 30637
What are the prime factors of 6343079?
149, 42571
What are the prime factors of 30803?
30803
What are the prime factors of 1683873?
3, 223, 839
List the prime factors of 825580.
2, 5, 7, 5897
List the prime factors of 279595.
5, 199, 281
List the prime factors of 709651.
709651
What are the prime factors of 15742960?
2, 5, 307, 641
What are the prime factors of 40579?
7, 11, 17, 31
What are the prime factors of 45806?
2, 37, 619
List the prime factors of 719620.
2, 5, 11, 3271
What are the prime factors of 35789?
13, 2753
What are the prime factors of 4174794?
2, 3, 13, 19, 313
List the prime factors of 651511.
7, 163, 571
List the prime factors of 814915.
5, 349, 467
What are the prime factors of 384203?
384203
List the prime factors of 743003.
241, 3083
What are the prime factors of 2093752?
2, 157, 1667
What are the prime factors of 770494?
2, 191, 2017
What are the prime factors of 109281?
3, 73, 499
What are the prime factors of 440764?
2, 101, 1091
List the prime factors of 247905.
3, 5, 7, 787
What are the prime factors of 606772?
2, 151693
What are the prime factors of 2068653?
3, 689551
List the prime factors of 14076352.
2, 219943
What are the prime factors of 437523?
3, 29, 47, 107
What are the prime factors of 471560?
2, 5, 11789
What are the prime factors of 1025611?
1025611
List the prime factors of 16005097.
97, 165001
List the prime factors of 382112.
2, 11941
List the prime factors of 225347.
225347
What are the prime factors of 586990?
2, 5, 58699
What are the prime factors of 1034710?
2, 5, 103471
List the prime factors of 421211.
7, 19, 3167
What are the prime factors of 3517498?
2, 937, 1877
What are the prime factors of 205425?
3, 5, 11, 83
List the prime factors of 1506074.
2, 151, 4987
List the prime factors of 22053200.
2, 5, 13, 4241
List the prime factors of 10659210.
2, 3, 5, 355307
What are the prime factors of 15010620?
2, 3, 5, 101, 2477
What are the prime factors of 9413100?
2, 3, 5, 10459
List the prime factors of 19602791.
13, 1507907
List the prime factors of 6743016.
2, 3, 7, 17, 787
List the prime factors of 827871.
3, 11, 25087
List the prime factors of 380077.
43, 8839
What are the prime factors of 2014827?
3, 671609
List the prime factors of 677171.
11, 61561
List the prime factors of 945647.
945647
What are the prime factors of 622691?
541, 1151
What are the prime factors of 169417?
191, 887
List the prime factors of 5470891.
607, 9013
What are the prime factors of 6095930?
2, 5, 609593
What are the prime factors of 287546?
2, 7, 19, 23, 47
List the prime factors of 3103782.
2, 3, 11, 31, 37, 41
List the prime factors of 6098065.
5, 1219613
List the prime factors of 99422.
2, 49711
List the prime factors of 665266.
2, 7, 19, 41, 61
What are the prime factors of 2121015?
3, 5, 13, 73, 149
What are the prime factors of 750523?
463, 1621
What are the prime factors of 101521?
7, 14503
List the prime factors of 5578903.
11, 23, 22051
List the prime factors of 12725.
5, 509
List the prime factors of 7995039.
3, 13, 29, 7069
List the prime factors of 174538.
2, 7, 13, 137
List the prime factors of 309316.
2, 7, 11047
What are the prime factors of 566050?
2, 5, 11321
List the prime factors of 3565469.
53, 67273
List the prime factors of 439109.
11, 19, 191
List the prime factors of 7511738.
2, 13, 288913
List the prime factors of 17085340.
2, 5, 17, 31, 1621
What are the prime factors of 400632?
2, 3, 16693
What are the prime factors of 1420272?
2, 3, 7, 1409
List the prime factors of 779370.
2, 3, 5, 83, 313
What are the prime factors of 29808796?
2, 19, 392221
What are the prime factors of 912305?
5, 17, 10733
List the prime factors of 1556623.
1556623
What are the prime factors of 871032?
2, 3, 36293
What are the prime factors of 8550624?
2, 3, 89069
What are the prime factors of 213692?
2, 41, 1303
List the prime factors of 524641.
13, 40357
What are the prime factors of 756350?
2, 5, 7, 2161
What are the prime factors of 251322?
2, 3, 41887
What are the prime factors of 101147?
41, 2467
List the prime factors of 4143695.
5, 43, 19273
List the prime factors of 338854.
2, 169427
List the prime factors of 27990657.
3, 67, 15473
List the prime factors of 153164.
2, 11, 59
What are the prime factors of 148657?
61, 2437
What are the prime factors of 745458?
2, 3, 7, 17749
What are the prime factors of 367456?
2, 11483
List the prime factors of 2688780.
2, 3, 5, 41, 1093
List the prime factors of 18498638.
2, 73, 126703
What are the prime factors of 259215?
3, 5, 11, 1571
What are the prime factors of 2144835?
3, 5, 7, 11, 619
What are the prime factors of 16886492?
2, 7, 683, 883
What are the prime factors of 1851842?
2, 925921
What are the prime factors of 830166?
2, 3, 83, 1667
List the prime factors of 112845.
3, 5, 7523
List the prime factors of 2813403.
3, 937801
What are the prime factors of 3954490?
2, 5, 395449
What are the prime factors of 3211838?
2, 7, 383, 599
What are the prime factors of 6056868?
2, 3, 71, 7109
What are the prime factors of 2185336?
2, 173, 1579
What are the prime factors of 25775536?
2, 17, 193, 491
What are the prime factors of 732698?
2, 109, 3361
What are the prime factors of 3148497?
3, 11, 10601
What are the prime factors of 8921647?
7, 29, 71, 619
List the prime factors of 3595262.
2, 11, 17, 9613
What are the prime factors of 4145552?
2, 17, 15241
What are the prime factors of 1998936?
2, 3, 27763
List the prime factors of 652986.
2, 3, 36277
What are the prime factors of 2071347?
3, 690449
List the prime factors of 7198.
2, 59, 61
What are the prime factors of 1132711?
29, 139, 281
What are the prime factors of 826490?
2, 5, 7, 11807
What are the prime factors of 231352?
2, 11, 239
What are the prime factors of 1418295?
3, 5, 23, 4111
What are the prime factors of 9764745?
3, 5, 587, 1109
List the prime factors of 1140180.
2, 3, 5, 31, 613
What are the prime factors of 6